n be (-65)/(-7) - 2/7. Suppose -g*x = o - n, -4*o + 0*o - 14 = -2*x. List the prime factors of x.
5
Let a(n) = -3*n**2 + n + 1. Let p be a(-3). Suppose 0*q - 4*q - 84 = 0. Let u = q - p. List the prime factors of u.
2
Let o = 15 - 11. Suppose r = o*r - 15. Let d = 0 + r. List the prime factors of d.
5
Let l be -2 - (-55 - (-3 + 5)). Let s = l - 38. List the prime factors of s.
17
Let s = 128 - 58. What are the prime factors of s?
2, 5, 7
Suppose -3*i = -2*o + 7, -3*o - 4*i = -7*o + 20. Let s(n) = -7*n - 5. Let c(x) = 15*x + 11. Let d(g) = -6*c(g) - 13*s(g). List the prime factors of d(o).
7
List the prime factors of (0 - 3/(-9))/((-5)/(-1545)).
103
Let l be (0 - -1)/(6/12). Let o(x) = 2*x**l + 9 - 2*x - x**2 + 0*x + 9*x. What are the prime factors of o(-7)?
3
Let g(y) = y. Let l(a) = 4*a - 16. Let p(u) = 3*g(u) - l(u). What are the prime factors of p(0)?
2
Let b = 15 - 12. Suppose 0 = -2*y - b*y + 65. List the prime factors of y.
13
Let p(v) = 116*v + 2 - 9 - 114*v. List the prime factors of p(13).
19
Suppose 5 = 3*d - l - 2, -l + 7 = 4*d. Let y be (1 + -2 + d)*-8. What are the prime factors of (3/4)/(-1)*y?
2, 3
List the prime factors of 4528/14 - 12/(-21).
2, 3
Let t(z) = -z**3 + 5*z**2 + 6*z - 4. Let u be t(6). Let o = 0 - u. List the prime factors of o.
2
Let a(l) = l**2 + 8*l + 1. Let g be a(-7). Let x(p) = -p**2 + 8*p + 6. Let f be x(8). Let c = f - g. List the prime factors of c.
2, 3
Suppose 3*l = 1 + 8. Suppose -2*x + 0 + 4 = 0, l*y = 3*x - 24. Let a = 22 + y. List the prime factors of a.
2
Let m(b) = -18*b + 20. List the prime factors of m(-11).
2, 109
Let g = 208 - 136. List the prime factors of g.
2, 3
Let q = -12 + 17. What are the prime factors of 15/25 - (-187)/q?
2, 19
Suppose 5*o - 3*c = 29, -o = 4*c + 7 + 1. What are the prime factors of o?
2
Let t = 5 - -1. Suppose 32 = 2*g + 2*l, g + 53 = t*g - 4*l. List the prime factors of g.
13
Suppose 84 = 3*s - 5*a, 2*s - 24 = -2*a + 16. List the prime factors of s.
23
Let m = 17 - 13. Let n(u) = u + 2. What are the prime factors of n(m)?
2, 3
Let g(b) = 2*b - b**3 + 2 - 1 + 2*b**3 + b**2. List the prime factors of g(2).
17
Let r = -20 + 57. List the prime factors of r.
37
Let z(j) = -2*j**3 - 9*j**2 - 12*j - 5. List the prime factors of z(-5).
2, 5
Let r(x) = 18*x**2 + x - 1. Let h be r(2). Let f = h - 45. Let m = f + -19. What are the prime factors of m?
3
Let k(b) = -b**3 - 4*b**2 + 16. List the prime factors of k(-6).
2, 11
Let p(y) be the first derivative of y**3/3 - 3*y**2/2 - 6*y + 5. Suppose -18 = -3*c - 0. List the prime factors of p(c).
2, 3
Let k(o) = 3*o**2 - 5*o - 7. Let f = -9 + 7. List the prime factors of k(f).
3, 5
Let h = 3 - 3. Suppose -6*x = -3*x. Suppose h = -x*q - q + 4. List the prime factors of q.
2
Let d = -5 - -2. Let l be d - (-1 + -2 - 3). List the prime factors of -2 - ((-45)/l)/3.
3
Suppose 42 = -3*s + 5*s. Suppose k - 2 = 2*k, b = 5*k + s. What are the prime factors of b?
11
Let s be 37/7 - 4/14. Let i be (-108)/90*10/(-6). Suppose 0*o + 5*f = 2*o - 29, -i*f = -s*o + 83. List the prime factors of o.
17
Let y be (-4)/18 + 32/(-18). Let u be (y/3)/(10/(-75)). Suppose -n + 12 = i + 2*i, u*i = -3*n + 16. What are the prime factors of i?
5
Suppose 0 = 3*i - 7 - 14. Let u(l) = l + 5. What are the prime factors of u(i)?
2, 3
What are the prime factors of 1967/21 + (4/3)/4?
2, 47
Let k(i) = i**3 + 7*i**2 + 2*i - 6. Suppose z + 8*a + 1 = 3*a, 0 = 2*z - 5*a + 17. List the prime factors of k(z).
2, 3
Suppose 5*d + 640 = 5*c, -2*c - 5*d = -d - 256. List the prime factors of c.
2
List the prime factors of 6/(-10) - 283/5*-1.
2, 7
Let i(o) = -1 + o**3 + 0 + 0*o**3 + o. Let s(d) = -d - 3. Let l be s(-5). List the prime factors of i(l).
3
Let v(f) = 8*f**2 + 3*f. What are the prime factors of v(-5)?
5, 37
Suppose -i = 3*i - 12. Suppose -4*f = -5*t + 12, 0 = -t - f + i*f. Suppose t*l - 28 = 2*v, 28 = 4*l + 2*v - 3*v. What are the prime factors of l?
7
Suppose 0 = -5*t - 98 - 17. Suppose -4*g = g + 15, -2*g - 102 = 3*v. Let z = t - v. List the prime factors of z.
3
List the prime factors of (-8 - 1)*(1 + -32).
3, 31
Let g = 81 + -36. What are the prime factors of g?
3, 5
Suppose 3*g - 11 = 4. Suppose g*v + 52 = 212. What are the prime factors of v?
2
Let q(b) = -2*b + 2. Let r be q(-2). Suppose 3*f - r*f + 20 = 5*l, 0 = 3*f. List the prime factors of l/(-14) - 500/(-35).
2, 7
Suppose -q = -2 - 13. What are the prime factors of q?
3, 5
Suppose -3*o + 0*o - s + 107 = 0, 0 = -4*s - 4. What are the prime factors of o?
2, 3
Let g(d) be the second derivative of -5*d**3/6 - 2*d**2 - 2*d. Let q be g(-9). Suppose -5*y = -29 - q. List the prime factors of y.
2, 7
Let l = -24 - -85. Let o = l - 40. List the prime factors of o.
3, 7
Let s be 3/2*40/12. Suppose -s*z = 4*y - 30, y + 3*z = 4 - 0. List the prime factors of y.
2, 5
Let d(o) = 3*o - 4. Let z be d(3). Suppose z*t - 53 = 2. What are the prime factors of t?
11
Let f(a) = a**3 + 13*a**2 + 10*a - 10. What are the prime factors of f(-11)?
2, 61
Suppose 4*a - 7 = 9. Let s(y) = -y**2 + 4 - a + 0*y**2 + 10*y + 7. List the prime factors of s(10).
7
List the prime factors of (-25 - -27)*217/(-2)*-1.
7, 31
Let i(g) = -2*g**2 - 2*g - 2. Let w be i(-2). Let o = -4 - -14. Let l = w + o. What are the prime factors of l?
2
Let u be (-6)/36 - 230/(-12). Let z = -13 + u. What are the prime factors of z?
2, 3
What are the prime factors of -17 - -12 - (1 - 99)?
3, 31
Suppose -4*x - 4*s + 7 = -29, 3*x = -4*s + 29. What are the prime factors of x?
7
Let g = 22 + -5. List the prime factors of g.
17
Let g(p) = p + 11. Let z be g(-7). Suppose z*u - 13 = 95. What are the prime factors of u?
3
Let s be 16/(-10) + 6/10. What are the prime factors of (16/1)/((-2)/s)?
2
Let r(j) = j**2 + 4*j + 2. Suppose 5*c - c = 12. Suppose -2*o = -c*o - 5. List the prime factors of r(o).
7
Let h(q) = q + 8. Let l be h(-6). Let y = -5 + l. List the prime factors of y/12 - (-34)/8.
2
Suppose 0*a = 4*a. Suppose a = 4*u + 8 - 20. Suppose u*g = 2*w - 19 - 19, -5*w = -3*g - 77. List the prime factors of w.
13
Suppose -r - z + 4 = 0, -5*r = -z - 0 - 14. Suppose c = -r*c. Suppose j + c = 4. List the prime factors of j.
2
Suppose z = -4*z + 15. Let f be 8 - -2 - (z - 1). What are the prime factors of (22/(-8))/((-2)/f)?
11
Suppose 0 = -3*x - x - 4, -5*x - 9 = -2*f. Suppose 3*d = a + 33, 55 = 7*d - f*d - 5*a. What are the prime factors of d?
11
Let g(m) = 2 - 1 - 2 + m. Let x be g(7). Suppose p - 14 = s, -x = s + 2*s. List the prime factors of p.
2, 3
Let v = 39 + -24. Suppose -3*o - v = -5*n, -3*o = -2*o. Suppose k - n*k = -32. List the prime factors of k.
2
Let m(p) = 4*p**2 + 8*p + 8. Let i be m(-6). Suppose 0 = q + q - i. Suppose 3*v - 40 = -4*g + v, 4*v = 3*g - q. What are the prime factors of g?
2, 3
Let s be (-6)/(-4) - 3/(-6). Suppose -5*z = -2*z - 4*l - 22, s = -z - l. Suppose 0 = -z*m - 0*m + 4. What are the prime factors of m?
2
Let t = 12 + 0. Let d = -2 + t. List the prime factors of d.
2, 5
Suppose -10*f - 55 = -11*f. What are the prime factors of f?
5, 11
Let g = 231 + -160. List the prime factors of g.
71
Let q = -6 + 7. Let z be (-2 + q)/(1/(-3)). Suppose -3*w - w - z*k = -17, 4*w - k - 21 = 0. What are the prime factors of w?
5
Suppose 4*v - 2*v + 8 = 2*r, -4*r + 5*v + 16 = 0. What are the prime factors of r?
2
Let o(k) = -5*k + 6. What are the prime factors of o(-2)?
2
Let u = 321 - 174. List the prime factors of u.
3, 7
What are the prime factors of (-2)/((-16)/502) - 18/(-72)?
3, 7
Let b(f) = f**3 + 5*f**2 - f - 5. Let u(h) = -h**2 + 1. Let n(c) = b(c) + 3*u(c). List the prime factors of n(2).
2, 3
Let p = 11 + -15. Suppose -4*c - 22 = c - 3*o, 0 = o - 4. Let l = c - p. What are the prime factors of l?
2
Suppose -4*f + 16 = 5*n, -5*f = -4*n + 2*n - 20. Suppose -5*c + t = -4*t - 100, -t = n. List the prime factors of ((-12)/(-10))/(3/c).
2
Let w = 10 + -6. List the prime factors of (-99)/(-12) + 3/w.
3
Let f(h) = h**3 + 9*h**2 + 9*h + 12. Let t be f(-8). Suppose -3*r + t*r - 4 = 0. List the prime factors of r.
2
Suppose -5*k = -39 - 26. What are the prime factors of k?
13
Suppose -3*c + 4*a + 4 = 0, -14 = -2*c - a - 2*a. Suppose 4 = -c*t + 16. What are the prime factors of t?
3
Suppose 3*a + 115 = 376. What are the prime factors of a?
3, 29
Suppose 4*t 